f (k - 2) + 66 + 2.
67
Suppose -38*o + 35*o = -1014. What are the prime factors of o?
2, 13
Let n = 560 + -408. List the prime factors of n.
2, 19
Let w(a) = a**2 + a - 13. Let u be w(-4). Let r be ((-4)/(-2))/u*-86. Suppose -4*l = -2*d - 136, 5*l - r = -2*d + 5*d. What are the prime factors of l?
2
Let v be ((-2)/3)/((-12)/(-18)). Let f = 3 - v. Suppose -f*p + 2*h = -58, -5*p + 53 = -0*p + 4*h. What are the prime factors of p?
13
Let n = 8 + 4. Let s be (-1000)/(-48) - (-2)/n. Suppose -s = -2*r + 49. List the prime factors of r.
5, 7
Let k(y) = y**2 - 2. Let o be k(-2). Let p be 6/(3/(-18) - (-33)/36). Suppose -2*c - o*i = -p, -3*i + 5 = 2*i. What are the prime factors of c?
3
Let p(c) = c**2 + 14*c + 54. Let j be p(-20). Let t = -141 + j. List the prime factors of t.
3, 11
Let n(v) = -2*v**2 - 130*v - 51. What are the prime factors of n(-32)?
3, 229
Let t(i) = i**2 - 16*i + 17. Let v be t(15). Suppose -k - 5*h + 153 = v*k, 5*h = 15. List the prime factors of k.
2, 23
Suppose -7857 = -56*t + 47*t. What are the prime factors of t?
3, 97
Suppose f = -0*f + 4*d, 0 = -4*d - 4. Let c be (-6)/f*32/(-24). What are the prime factors of c*(2/(-2) + -1)?
2
Let y(z) = 6*z**2 - 21. Let r be y(4). Let p = -71 - -29. Let v = r + p. What are the prime factors of v?
3, 11
Let n be 1/((-4)/((-1288)/646) - 2). Let h = n + -75. List the prime factors of h.
2, 43
Let r(f) = -2*f - 29. Let z(y) be the second derivative of y**3 + 87*y**2/2 + 2*y. Let k(n) = 8*r(n) + 3*z(n). What are the prime factors of k(0)?
29
Let t(r) = 5*r + 8. Let i be t(7). Let n(k) = -k**3 - 8*k**2 - 3*k + 4. Let d be n(-3). Let j = i + d. List the prime factors of j.
11
Let k(a) = a + 5. Suppose 3*n + 16 = 49. Let t be k(n). List the prime factors of 4/t + 127/4.
2
Let y(p) = -p**2 + 6*p. Let h be y(6). Let n = h - -7. List the prime factors of n/(-28) - (-209)/4.
2, 13
Suppose 0 = -5*u - 4*w + 40, 6*u - u - 4*w - 40 = 0. List the prime factors of 1008/22 + u/44.
2, 23
Let g = -26 + 24. Let y(q) = -3*q**2 + 2*q - 3. Let k(i) = 9*i**2 - 5*i + 9. Let t(o) = 4*k(o) + 11*y(o). List the prime factors of t(g).
11
Let m(s) = -17*s + 4. Let w be m(6). Let q = w + 171. List the prime factors of q.
73
Suppose 2*v - 6 = -3*p - 3, -2*p + 2 = 0. Suppose t + v*t = 2*m + 5, 3*m + 3 = t. List the prime factors of (-42)/(-10)*(t - 4).
3, 7
Let t = -80 + 78. What are the prime factors of (-2 - -208 - t) + 3?
211
Let i = 25 - 2. Let x = i + -28. List the prime factors of (-32)/12*(-1 + x).
2
Let f(g) be the first derivative of -g**2/2 - 9*g - 8. What are the prime factors of f(-17)?
2
Let n = -92 + 455. Let r = 553 - n. What are the prime factors of r?
2, 5, 19
Let t be 22 - (1 + 2 - 3). What are the prime factors of 1 + 139 - (-22 + t)?
2, 5, 7
Let p(w) = -33*w**3 - 4*w**2 - 9*w - 11. What are the prime factors of p(-2)?
3, 5, 17
What are the prime factors of (-23)/(3/(-15)*1)?
5, 23
Suppose -a + q = -7, 0 = 5*a - 2*q + 6*q + 10. Suppose -a*g = -4*f + 312, -g = -3*f + 1 + 235. Suppose 0 = 3*m - f - 22. List the prime factors of m.
2, 17
Let f be -3 - (2 + 1 + 10*9). Let d = 210 + f. What are the prime factors of d?
2, 3, 19
Suppose 4 + 16 = 4*s + 2*m, s + 5 = 2*m. Let u(l) = l**2 - 3*l - 2. Let w be u(s). List the prime factors of (-2)/(-4)*w + 13.
2, 3
Suppose -164 = -2*b - 2*j, -3*b = 17*j - 15*j - 241. What are the prime factors of b?
7, 11
Suppose -37*a = 4*d - 39*a - 626, -2*d = 2*a - 322. What are the prime factors of d?
2, 79
Let y(b) = b**3 + 10*b**2 + 8*b - 5. Let s be y(-9). Suppose -s*z + 219 = -37. Let f = -38 + z. List the prime factors of f.
2, 13
Suppose -6 + 1 = -5*a. Let j(i) = 8*i + 3*i - a - 14*i. List the prime factors of j(-3).
2
Let i(j) = 94*j**2 + 66*j + 193. List the prime factors of i(-3).
29
Let i be (2/4)/(10/(-100)). What are the prime factors of (i/3 - -1)/((-8)/228)?
19
Let p(q) = 142*q + 290. What are the prime factors of p(9)?
2, 7
Let l(y) = -4*y + 3*y + y**3 + 0*y + 4*y**2. Let x be l(-4). Suppose -x*n + 2*n + 32 = 0. List the prime factors of n.
2
Suppose -2*g = 3*w, 2*w = 5*g + w. Suppose 4*m + 5*c - 241 = 0, 5*m - 2*c - 120 - 206 = g. List the prime factors of m.
2
Let h(j) be the first derivative of j**2 + 65*j + 2. List the prime factors of h(-20).
5
Let a(f) = f**3 - 7*f**2 - 33*f + 32. Let i be a(10). Let v = -71 + 149. Suppose -y + v = i*y. What are the prime factors of y?
2, 13
Let w = -7 - -9. Let d be ((-1)/7)/(w/(-14)). Let u = 38 + d. What are the prime factors of u?
3, 13
What are the prime factors of (781 - (3 + -1)) + -3?
2, 97
Suppose 2*r - 3*r + 355 = 0. Suppose -u + r = 4*u. What are the prime factors of u?
71
Let j = 477 - -423. List the prime factors of j.
2, 3, 5
Suppose 9*y = -44*y + 18073. List the prime factors of y.
11, 31
Let l be (-50)/15*3/2. What are the prime factors of (-194)/l - (-8)/40?
3, 13
Let b be (-2)/(-4 - 30/(-9)). Suppose -b*p + 129 = -15. List the prime factors of p.
2, 3
Let v = 5 + -3. Suppose -11*p - 5*p + 96 = 0. Let g = v + p. List the prime factors of g.
2
Suppose 4*w + 272 = 2*t, 0*t = 3*t + 2*w - 400. Suppose -2*f - 2*k = 84, 0 = 3*f + 7*k - 2*k + t. What are the prime factors of (1 - f/(-4))*-2?
17
Suppose 4*t - u - 468 = 0, -120 = -t + u - 6. Suppose -m = -7*j + 3*j - t, -4*j = 3*m - 274. List the prime factors of m.
2, 7
Let o(w) = -w**2 + 11*w - 10. Let y be o(10). Let a(k) = 2*k + 33. What are the prime factors of a(y)?
3, 11
Let n be ((-10)/(-4))/(-5)*-14. Suppose -5*r = z - n, 5*z - 5 - 30 = 3*r. Suppose 4*j - 3*m + z*m = 84, 0 = 4*j - 2*m - 78. What are the prime factors of j?
2, 5
Let q be (-1)/2*-2*(6 + -6). Suppose -3*j + 0*j + 2*o + 873 = q, 0 = j + o - 286. List the prime factors of j.
17
Suppose 0 = -7*u + 34*u - 56862. List the prime factors of u.
2, 3, 13
Suppose -1073*v + 6392 = -1065*v. What are the prime factors of v?
17, 47
Let c be (-1184)/(-256) + (-11)/(-8) + -1. Suppose c*q = 17*q - 1848. List the prime factors of q.
2, 7, 11
What are the prime factors of (-8 - -6 - -1223) + -2 + 1?
2, 5, 61
Suppose -3*j + 7*j = 16. Let g = j + 21. List the prime factors of g.
5
Let c be 1 - (-3 + 1 - 2). Let i(o) = o - 2. Let s be i(c). Suppose 12 = s*d - 18. What are the prime factors of d?
2, 5
Let b be (-1)/((-9)/(-2) + -5). What are the prime factors of (-7 + (-135)/b)*-2*1?
149
Let w be 2/(-5) - 120/(-50). Let s be (-1 - 83)*w/1. Let f = s + 243. List the prime factors of f.
3, 5
Suppose -377 + 1083 = a. List the prime factors of a.
2, 353
Let b(k) = 389*k**3 + 2*k**2 + 10*k - 20. List the prime factors of b(2).
2, 3, 5, 13
Let k = 345 + 625. List the prime factors of k.
2, 5, 97
Let v = -8 + 13. Let g be 12/v + 12/20. Suppose -4*x + 8 = 0, -x + 4*x - 30 = -g*q. What are the prime factors of q?
2
Let w(g) = -g - 1. Let t(j) = 8*j. Let s(o) = t(o) + 6*w(o). List the prime factors of s(7).
2
What are the prime factors of (-4)/(-18) - (280668/(-108) + -14)?
3, 13, 67
Let s = 13 + -10. Suppose -4*b + p + 138 = -4*p, 0 = 5*b + s*p - 154. What are the prime factors of (-20)/8*b/(-10)?
2
Let i(c) = c**2 + 3*c - 7. What are the prime factors of i(-31)?
3, 7, 41
Let o(z) = -5*z**2 + 0*z**2 + 6*z + 9 + z**3 + 0*z**2. List the prime factors of o(5).
3, 13
Suppose -5*m = 2*y - 9475, 2*y + 5164 - 1388 = 2*m. List the prime factors of m.
3, 631
Let x be 27835/209 + (-2)/11. Let l = x - 76. Suppose l + 127 = 4*i. What are the prime factors of i?
2, 23
Let y(o) be the third derivative of -o**4/24 + 5*o**3/3 - 3*o**2. Let p be y(0). Suppose p = t - 17. What are the prime factors of t?
3
Suppose 2*t = -3*c + 10, -5*c - 5 = t - 2*t. Suppose -12 = 2*f + 4*g, -t*g - 3 = -2*f - 4*g. Suppose -4*o + 124 + 20 = f. What are the prime factors of o?
2, 3
Let v be 60/25 - 4/10. Suppose 180 = 4*m + v*m. Let g = 44 - m. What are the prime factors of g?
2, 7
Suppose 5*q + 926 + 74 = 0. Let s = q - -296. List the prime factors of s.
2, 3
Suppose -6*h + 151 + 167 = 0. What are the prime factors of h?
53
Let j(o) = -9*o + 56. Let z be j(10). What are the prime factors of z/(10/14 + -1)?
7, 17
Let p = 4191 + -2752. List the prime factors of p.
1439
Let i(x) = -6*x**3 - 6*x**2 - 5*x + 1. Let b = -56 - -53. List the prime factors of i(b).
2, 31
Let o = 38 + 316. Let b = o + -212. What are the prime factors of b?
2, 71
Let n be 0/(0 + (4 - 2))